258369?
8
What is the tens digit of 158155?
5
What is the thousands digit of 6818266?
8
What is the hundreds digit of 14777?
7
What is the ten thousands digit of 297704?
9
What is the units digit of 80531?
1
What is the thousands digit of 314311?
4
What is the ten thousands digit of 90402?
9
What is the tens digit of 232999?
9
What is the units digit of 21859?
9
What is the hundred thousands digit of 1204180?
2
What is the units digit of 6313872?
2
What is the units digit of 5281981?
1
What is the hundred thousands digit of 9751942?
7
What is the hundred thousands digit of 787459?
7
What is the hundred thousands digit of 2346252?
3
What is the ten thousands digit of 2485933?
8
What is the hundred thousands digit of 5044052?
0
What is the hundreds digit of 157170?
1
What is the tens digit of 4637735?
3
What is the hundreds digit of 1166218?
2
What is the tens digit of 596938?
3
What is the ten thousands digit of 310881?
1
What is the tens digit of 2974689?
8
What is the units digit of 533303?
3
What is the units digit of 2886730?
0
What is the millions digit of 1028804?
1
What is the thousands digit of 42769?
2
What is the hundred thousands digit of 330997?
3
What is the hundreds digit of 1626685?
6
What is the units digit of 876892?
2
What is the units digit of 60206?
6
What is the millions digit of 6519826?
6
What is the hundreds digit of 596234?
2
What is the ten thousands digit of 2704523?
0
What is the units digit of 38188361?
1
What is the ten thousands digit of 275650?
7
What is the hundreds digit of 4113916?
9
What is the hundreds digit of 4199448?
4
What is the hundred thousands digit of 22218009?
2
What is the hundred thousands digit of 12435643?
4
What is the hundreds digit of 673395?
3
What is the thousands digit of 2634332?
4
What is the units digit of 982397?
7
What is the ten millions digit of 11124043?
1
What is the hundreds digit of 3731841?
8
What is the thousands digit of 284724?
4
What is the tens digit of 1649172?
7
What is the ten thousands digit of 6031601?
3
What is the hundreds digit of 14337040?
0
What is the tens digit of 801645?
4
What is the ten thousands digit of 336474?
3
What is the units digit of 13343459?
9
What is the thousands digit of 5183154?
3
What is the units digit of 2504984?
4
What is the tens digit of 41401?
0
What is the thousands digit of 1693042?
3
What is the tens digit of 864019?
1
What is the hundred thousands digit of 208065?
2
What is the thousands digit of 144526?
4
What is the units digit of 105659?
9
What is the millions digit of 4027842?
4
What is the ten thousands digit of 2348187?
4
What is the hundred thousands digit of 3455860?
4
What is the tens digit of 8976?
7
What is the thousands digit of 165076?
5
What is the tens digit of 431584?
8
What is the ten thousands digit of 325805?
2
What is the ten thousands digit of 12801093?
0
What is the units digit of 16088787?
7
What is the thousands digit of 6281659?
1
What is the tens digit of 27302353?
5
What is the thousands digit of 324976?
4
What is the tens digit of 7340928?
2
What is the hundreds digit of 543775?
7
What is the ten thousands digit of 11170235?
7
What is the tens digit of 938683?
8
What is the units digit of 185984?
4
What is the hundred thousands digit of 11834131?
8
What is the units digit of 1688123?
3
What is the hundreds digit of 6790385?
3
What is the ten thousands digit of 2190028?
9
What is the tens digit of 1709215?
1
What is the millions digit of 12437485?
2
What is the hundreds digit of 1792049?
0
What is the units digit of 26659?
9
What is the ten thousands digit of 3013794?
1
What is the units digit of 81751?
1
What is the units digit of 5950645?
5
What is the ten thousands digit of 831067?
3
What is the hundred thousands digit of 844250?
8
What is the thousands digit of 3110777?
0
What is the hundred thousands digit of 233323?
2
What is the thousands digit of 1090072?
0
What is the thousands digit of 231549?
1
What is the hundreds digit of 193407?
4
What is the units digit of 323312?
2
What is the thousands digit of 16710325?
0
What is the hundred thousands digit of 248148?
2
What is the tens digit of 1558815?
1
What is the hundreds digit of 8539273?
2
What is the tens digit of 9345034?
3
What is the ten thousands digit of 36528?
3
What is the hundred thousands digit of 4274499?
2
What is the thousands digit of 668364?
8
What is the thousands digit of 76865?
6
What is the millions digit of 13524192?
3
What is the hundreds digit of 823214?
2
What is the thousands digit of 123925?
3
What is the hundred thousands digit of 227584?
2
What is the thousands digit of 460926?
0
What is the hundred thousands digit of 311549?
3
What is the ten thousands digit of 179246?
7
What is the ten thousands digit of 153797?
5
What is the hundreds digit of 49600?
6
What is the tens digit of 26598885?
8
What is the hundred thousands digit of 270274?
2
What is the millions digit of 5353703?
5
What is the millions digit of 2042317?
2
What is the hundreds digit of 39819?
8
What is the ten thousands digit of 21421235?
2
What is the hundred thousands digit of 19140895?
1
What is the tens digit of 281063?
6
What is the hundred thousands digit of 1313429?
3
What is the hundred thousands digit of 159223?
1
What is the units digit of 198752?
2
What is the millions digit of 2454704?
2
What is the thousands digit of 409037?
9
What is the tens digit of 2731182?
8
What is the thousands digit of 46490?
6
What is the thousands digit of 691306?
1
What is the thousands digit of 3655702?
5
What is the hundreds digit of 2224255?
2
What is the units digit of 201034?
4
What is the ten thousands digit of 87262?
8
What is the units digit of 14839137?
7
What is the hundreds digit of 75884?
8
What is the hundreds digit of 818943?
9
What is the thousands digit of 2197774?
7
What is the thousands digit of 5981769?
1
What is the ten thousands digit of 402266?
0
What is the hundreds digit of 1147906?
9
What is the tens digit of 2072729?
2
What is the ten thousands digit of 287347?
8
What is the ten thousands digit of 74579?
7
What is the hundred thousands digit of 635644?
6
What is the thousands digit of 1844051?
4
What is the units digit of 11508001?
1
What is the hundreds digit of 196600?
6
What is the thousands digit of 1545089?
5
What is the millions digit of 8788573?
8
What is the units digit of 2388498?
8
What is the thousands digit of 3109153?
9
What is the tens digit of 502804?
0
What is the thousands digit of 1542024?
2
What is the tens digit of 77687?
8
What is the hundred thousands digit of 121404?
1
What is the hundreds digit of 823446?
4
What is the hundred thousands digit of 5603411?
6
What is the units digit of 13137911?
1
What is the ten thousands digit of 9529874?
2
What is the ten thousands digit of 1093017?
9
What is the hundred thousands digit of 1331571?
3
What is the hundred thousands digit of 421163?
4
What is the tens digit of 1242575?
7
What is the hundreds digit of 156935?
9
What is the tens digit of 2212450?
5
What is the hundred thousands digit of 949956?
9
What is the hundred thousands digit of 3243882?
2
What is the millions digit of 20955167?
0
What is the millions digit of 9655857?
9
What is the hundreds digit of 298261?
2
What is the hundred thousands digit of 259965?
2
What is the hundred thousands digit of 120502?
1
What is the hundred thousands digit of 1280269?
2
What is the ten millions digit of 13517019?
1
What is the thousands digit of 10403256?
3
What is the thousands digit of 2147980?
7
What is the ten thousands digit of 225835?
2
What is the hundreds digit of 268824?
8
What is the hundred thousands digit of 2263767?
2
What is the hundred thousands digit of 11992131?
9
What is the millions digit of 1445242?
1
What is the hundreds digit of 55091?
0
What is the hundreds digit of 382505?
5
What is the thousands digit of 119998?
9
What is the tens digit of 1416?
1
What is the millions digit of 10440972?
0
What is the hundreds digit of 13335909?
9
What is the units digit of 256483?
3
What is the millions digit of 2466923?
2
What is the thousands digit of 25428505?
8
What is the hundreds digit of 2373365?
3
What is the thousands digit of 376521?
6
What is the units digit of 3468952?
2
What is the ten thousands digit of 18